{"id":3762,"date":"2025-12-19T12:34:20","date_gmt":"2025-12-19T11:34:20","guid":{"rendered":"https:\/\/www.elgatpelut.cat\/?post_type=eventos&#038;p=3762"},"modified":"2025-12-19T12:34:20","modified_gmt":"2025-12-19T11:34:20","slug":"club-de-lectura-juvenil-la-veu-de-les-ombres","status":"publish","type":"eventos","link":"https:\/\/www.elgatpelut.cat\/es\/eventos\/club-de-lectura-juvenil-la-veu-de-les-ombres\/","title":{"rendered":"Club de Lectura Juvenil &#8211; La veu de les ombres, de Frances Hardinge"},"content":{"rendered":"<p><strong>Descobreix el Plaer de la Lectura amb el Club de Lectura Juvenil d&#8217;El Gat Pelut<\/strong><\/p>\n<p>Benvinguts al Club de Lectura Juvenil d&#8217;El Gat Pelut, un espai emocionant on els joves amants de la literatura poden connectar, explorar i compartir les seves passions liter\u00e0ries. Com a part de la nostra comunitat, et convidem a unir-te a nosaltres en aquest viatge inigualable a trav\u00e9s de les p\u00e0gines de les millors obres liter\u00e0ries.<\/p>\n<p><strong>M&#8217;interessa! Com em puc apuntar?<\/strong><\/p>\n<p>\u00c9s f\u00e0cil! Simplement contacta amb nosaltres per whatsapp o correu electr\u00f2nic i t&#8217;informarem del funcionament i trobades del club. Tots sou benvinguts, des de lectors novells fins a experts en literatura, a unir-se a aquesta emocionant aventura de descobriment i creixement personal a trav\u00e9s de la lectura.<\/p>\n<p><strong>Per qu\u00e8 triar El Gat Pelut?<\/strong><\/p>\n<p>A El Gat Pelut, creiem que la lectura no nom\u00e9s \u00e9s una activitat, sin\u00f3 una passi\u00f3 que enriqueix les nostres vides i ens connecta amb altres persones. Amb el nostre club de lectura, aspirem a inspirar i fomentar l&#8217;amor per la lectura entre els joves de la nostra comunitat, creant un espai acollidor i estimulant on tots puguin compartir la seva passi\u00f3 pels llibres.<\/p>\n<p>Uneix-te a nosaltres en aquesta emocionant aventura de descobriment literari i comen\u00e7a a explorar el m\u00f3n fascinant de la lectura amb nosaltres. Estem emocionats de tenir-te amb nosaltres!<\/p>\n","protected":false},"featured_media":3758,"template":"","class_list":["post-3762","eventos","type-eventos","status-publish","has-post-thumbnail","hentry"],"acf":[],"yoast_head":"<!-- This site is optimized with the Yoast SEO plugin v27.5 - https:\/\/yoast.com\/product\/yoast-seo-wordpress\/ -->\n<title>Club de Lectura Juvenil - La veu de les ombres, de Frances Hardinge - El Gat Pelut<\/title>\n<meta name=\"description\" content=\"Descobreix el Club de Lectura Juvenil d&#039;El Gat Pelut. Inscriviu-vos per comen\u00e7ar la vostra aventura liter\u00e0ria amb nosaltres!\" \/>\n<meta name=\"robots\" content=\"index, follow, max-snippet:-1, max-image-preview:large, max-video-preview:-1\" \/>\n<link rel=\"canonical\" href=\"https:\/\/www.elgatpelut.cat\/eventos\/club-de-lectura-juvenil-la-veu-de-les-ombres\/\" \/>\n<meta property=\"og:locale\" content=\"es_ES\" \/>\n<meta property=\"og:type\" content=\"article\" \/>\n<meta property=\"og:title\" content=\"Club de Lectura Juvenil - La veu de les ombres, de Frances Hardinge - El Gat Pelut\" \/>\n<meta property=\"og:description\" content=\"Descobreix el Club de Lectura Juvenil d&#039;El Gat Pelut. Inscriviu-vos per comen\u00e7ar la vostra aventura liter\u00e0ria amb nosaltres!\" \/>\n<meta property=\"og:url\" content=\"https:\/\/www.elgatpelut.cat\/eventos\/club-de-lectura-juvenil-la-veu-de-les-ombres\/\" \/>\n<meta property=\"og:site_name\" content=\"El Gat Pelut\" \/>\n<meta property=\"og:image\" content=\"https:\/\/www.elgatpelut.cat\/wp-content\/uploads\/2025\/12\/Posts-Diaris-NoveGATs-40.png\" \/>\n\t<meta property=\"og:image:width\" content=\"800\" \/>\n\t<meta property=\"og:image:height\" content=\"800\" \/>\n\t<meta property=\"og:image:type\" content=\"image\/png\" \/>\n<meta name=\"twitter:card\" content=\"summary_large_image\" \/>\n<meta name=\"twitter:label1\" content=\"Tiempo de lectura\" \/>\n\t<meta name=\"twitter:data1\" content=\"2 minutos\" \/>\n<script type=\"application\/ld+json\" class=\"yoast-schema-graph\">{\"@context\":\"https:\\\/\\\/schema.org\",\"@graph\":[{\"@type\":\"WebPage\",\"@id\":\"https:\\\/\\\/www.elgatpelut.cat\\\/eventos\\\/club-de-lectura-juvenil-la-veu-de-les-ombres\\\/\",\"url\":\"https:\\\/\\\/www.elgatpelut.cat\\\/eventos\\\/club-de-lectura-juvenil-la-veu-de-les-ombres\\\/\",\"name\":\"Club de Lectura Juvenil - La veu de les ombres, de Frances Hardinge - El Gat Pelut\",\"isPartOf\":{\"@id\":\"https:\\\/\\\/www.elgatpelut.cat\\\/#website\"},\"primaryImageOfPage\":{\"@id\":\"https:\\\/\\\/www.elgatpelut.cat\\\/eventos\\\/club-de-lectura-juvenil-la-veu-de-les-ombres\\\/#primaryimage\"},\"image\":{\"@id\":\"https:\\\/\\\/www.elgatpelut.cat\\\/eventos\\\/club-de-lectura-juvenil-la-veu-de-les-ombres\\\/#primaryimage\"},\"thumbnailUrl\":\"https:\\\/\\\/www.elgatpelut.cat\\\/wp-content\\\/uploads\\\/2025\\\/12\\\/Posts-Diaris-NoveGATs-40.png\",\"datePublished\":\"2025-12-19T11:34:20+00:00\",\"description\":\"Descobreix el Club de Lectura Juvenil d'El Gat Pelut. Inscriviu-vos per comen\u00e7ar la vostra aventura liter\u00e0ria amb nosaltres!\",\"breadcrumb\":{\"@id\":\"https:\\\/\\\/www.elgatpelut.cat\\\/eventos\\\/club-de-lectura-juvenil-la-veu-de-les-ombres\\\/#breadcrumb\"},\"inLanguage\":\"es\",\"potentialAction\":[{\"@type\":\"ReadAction\",\"target\":[\"https:\\\/\\\/www.elgatpelut.cat\\\/eventos\\\/club-de-lectura-juvenil-la-veu-de-les-ombres\\\/\"]}]},{\"@type\":\"ImageObject\",\"inLanguage\":\"es\",\"@id\":\"https:\\\/\\\/www.elgatpelut.cat\\\/eventos\\\/club-de-lectura-juvenil-la-veu-de-les-ombres\\\/#primaryimage\",\"url\":\"https:\\\/\\\/www.elgatpelut.cat\\\/wp-content\\\/uploads\\\/2025\\\/12\\\/Posts-Diaris-NoveGATs-40.png\",\"contentUrl\":\"https:\\\/\\\/www.elgatpelut.cat\\\/wp-content\\\/uploads\\\/2025\\\/12\\\/Posts-Diaris-NoveGATs-40.png\",\"width\":800,\"height\":800},{\"@type\":\"BreadcrumbList\",\"@id\":\"https:\\\/\\\/www.elgatpelut.cat\\\/eventos\\\/club-de-lectura-juvenil-la-veu-de-les-ombres\\\/#breadcrumb\",\"itemListElement\":[{\"@type\":\"ListItem\",\"position\":1,\"name\":\"Portada\",\"item\":\"https:\\\/\\\/www.elgatpelut.cat\\\/es\\\/\"},{\"@type\":\"ListItem\",\"position\":2,\"name\":\"Club de Lectura Juvenil &#8211; La veu de les ombres, de Frances Hardinge\"}]},{\"@type\":\"WebSite\",\"@id\":\"https:\\\/\\\/www.elgatpelut.cat\\\/#website\",\"url\":\"https:\\\/\\\/www.elgatpelut.cat\\\/\",\"name\":\"El Gat Pelut\",\"description\":\"La teva llibreria de Les Corts\",\"potentialAction\":[{\"@type\":\"SearchAction\",\"target\":{\"@type\":\"EntryPoint\",\"urlTemplate\":\"https:\\\/\\\/www.elgatpelut.cat\\\/?s={search_term_string}\"},\"query-input\":{\"@type\":\"PropertyValueSpecification\",\"valueRequired\":true,\"valueName\":\"search_term_string\"}}],\"inLanguage\":\"es\"}]}<\/script>\n<!-- \/ Yoast SEO plugin. -->","yoast_head_json":{"title":"Club de Lectura Juvenil - La veu de les ombres, de Frances Hardinge - El Gat Pelut","description":"Descobreix el Club de Lectura Juvenil d'El Gat Pelut. Inscriviu-vos per comen\u00e7ar la vostra aventura liter\u00e0ria amb nosaltres!","robots":{"index":"index","follow":"follow","max-snippet":"max-snippet:-1","max-image-preview":"max-image-preview:large","max-video-preview":"max-video-preview:-1"},"canonical":"https:\/\/www.elgatpelut.cat\/eventos\/club-de-lectura-juvenil-la-veu-de-les-ombres\/","og_locale":"es_ES","og_type":"article","og_title":"Club de Lectura Juvenil - La veu de les ombres, de Frances Hardinge - El Gat Pelut","og_description":"Descobreix el Club de Lectura Juvenil d'El Gat Pelut. Inscriviu-vos per comen\u00e7ar la vostra aventura liter\u00e0ria amb nosaltres!","og_url":"https:\/\/www.elgatpelut.cat\/eventos\/club-de-lectura-juvenil-la-veu-de-les-ombres\/","og_site_name":"El Gat Pelut","og_image":[{"width":800,"height":800,"url":"https:\/\/www.elgatpelut.cat\/wp-content\/uploads\/2025\/12\/Posts-Diaris-NoveGATs-40.png","type":"image\/png"}],"twitter_card":"summary_large_image","twitter_misc":{"Tiempo de lectura":"2 minutos"},"schema":{"@context":"https:\/\/schema.org","@graph":[{"@type":"WebPage","@id":"https:\/\/www.elgatpelut.cat\/eventos\/club-de-lectura-juvenil-la-veu-de-les-ombres\/","url":"https:\/\/www.elgatpelut.cat\/eventos\/club-de-lectura-juvenil-la-veu-de-les-ombres\/","name":"Club de Lectura Juvenil - La veu de les ombres, de Frances Hardinge - El Gat Pelut","isPartOf":{"@id":"https:\/\/www.elgatpelut.cat\/#website"},"primaryImageOfPage":{"@id":"https:\/\/www.elgatpelut.cat\/eventos\/club-de-lectura-juvenil-la-veu-de-les-ombres\/#primaryimage"},"image":{"@id":"https:\/\/www.elgatpelut.cat\/eventos\/club-de-lectura-juvenil-la-veu-de-les-ombres\/#primaryimage"},"thumbnailUrl":"https:\/\/www.elgatpelut.cat\/wp-content\/uploads\/2025\/12\/Posts-Diaris-NoveGATs-40.png","datePublished":"2025-12-19T11:34:20+00:00","description":"Descobreix el Club de Lectura Juvenil d'El Gat Pelut. Inscriviu-vos per comen\u00e7ar la vostra aventura liter\u00e0ria amb nosaltres!","breadcrumb":{"@id":"https:\/\/www.elgatpelut.cat\/eventos\/club-de-lectura-juvenil-la-veu-de-les-ombres\/#breadcrumb"},"inLanguage":"es","potentialAction":[{"@type":"ReadAction","target":["https:\/\/www.elgatpelut.cat\/eventos\/club-de-lectura-juvenil-la-veu-de-les-ombres\/"]}]},{"@type":"ImageObject","inLanguage":"es","@id":"https:\/\/www.elgatpelut.cat\/eventos\/club-de-lectura-juvenil-la-veu-de-les-ombres\/#primaryimage","url":"https:\/\/www.elgatpelut.cat\/wp-content\/uploads\/2025\/12\/Posts-Diaris-NoveGATs-40.png","contentUrl":"https:\/\/www.elgatpelut.cat\/wp-content\/uploads\/2025\/12\/Posts-Diaris-NoveGATs-40.png","width":800,"height":800},{"@type":"BreadcrumbList","@id":"https:\/\/www.elgatpelut.cat\/eventos\/club-de-lectura-juvenil-la-veu-de-les-ombres\/#breadcrumb","itemListElement":[{"@type":"ListItem","position":1,"name":"Portada","item":"https:\/\/www.elgatpelut.cat\/es\/"},{"@type":"ListItem","position":2,"name":"Club de Lectura Juvenil &#8211; La veu de les ombres, de Frances Hardinge"}]},{"@type":"WebSite","@id":"https:\/\/www.elgatpelut.cat\/#website","url":"https:\/\/www.elgatpelut.cat\/","name":"El Gat Pelut","description":"La teva llibreria de Les Corts","potentialAction":[{"@type":"SearchAction","target":{"@type":"EntryPoint","urlTemplate":"https:\/\/www.elgatpelut.cat\/?s={search_term_string}"},"query-input":{"@type":"PropertyValueSpecification","valueRequired":true,"valueName":"search_term_string"}}],"inLanguage":"es"}]}},"_links":{"self":[{"href":"https:\/\/www.elgatpelut.cat\/es\/wp-json\/wp\/v2\/eventos\/3762","targetHints":{"allow":["GET"]}}],"collection":[{"href":"https:\/\/www.elgatpelut.cat\/es\/wp-json\/wp\/v2\/eventos"}],"about":[{"href":"https:\/\/www.elgatpelut.cat\/es\/wp-json\/wp\/v2\/types\/eventos"}],"wp:featuredmedia":[{"embeddable":true,"href":"https:\/\/www.elgatpelut.cat\/es\/wp-json\/wp\/v2\/media\/3758"}],"wp:attachment":[{"href":"https:\/\/www.elgatpelut.cat\/es\/wp-json\/wp\/v2\/media?parent=3762"}],"curies":[{"name":"wp","href":"https:\/\/api.w.org\/{rel}","templated":true}]}}

<p><strong>Descobreix el Plaer de la Lectura amb el Club de Lectura Juvenil d&#8217;El Gat Pelut</strong></p>
<p>Benvinguts al Club de Lectura Juvenil d&#8217;El Gat Pelut, un espai emocionant on els joves amants de la literatura poden connectar, explorar i compartir les seves passions literàries. Com a part de la nostra comunitat, et convidem a unir-te a nosaltres en aquest viatge inigualable a través de les pàgines de les millors obres literàries.</p>
<p><strong>M&#8217;interessa! Com em puc apuntar?</strong></p>
<p>És fàcil! Simplement contacta amb nosaltres per whatsapp o correu electrònic i t&#8217;informarem del funcionament i trobades del club. Tots sou benvinguts, des de lectors novells fins a experts en literatura, a unir-se a aquesta emocionant aventura de descobriment i creixement personal a través de la lectura.</p>
<p><strong>Per què triar El Gat Pelut?</strong></p>
<p>A El Gat Pelut, creiem que la lectura no només és una activitat, sinó una passió que enriqueix les nostres vides i ens connecta amb altres persones. Amb el nostre club de lectura, aspirem a inspirar i fomentar l&#8217;amor per la lectura entre els joves de la nostra comunitat, creant un espai acollidor i estimulant on tots puguin compartir la seva passió pels llibres.</p>
<p>Uneix-te a nosaltres en aquesta emocionant aventura de descobriment literari i comença a explorar el món fascinant de la lectura amb nosaltres. Estem emocionats de tenir-te amb nosaltres!</p>

<!-- This site is optimized with the Yoast SEO plugin v27.5 - https://yoast.com/product/yoast-seo-wordpress/ -->
<title>Club de Lectura Juvenil - La veu de les ombres, de Frances Hardinge - El Gat Pelut</title>
<meta name="description" content="Descobreix el Club de Lectura Juvenil d&#039;El Gat Pelut. Inscriviu-vos per començar la vostra aventura literària amb nosaltres!" />
<meta name="robots" content="index, follow, max-snippet:-1, max-image-preview:large, max-video-preview:-1" />
<link rel="canonical" href="https://www.elgatpelut.cat/eventos/club-de-lectura-juvenil-la-veu-de-les-ombres/" />
<meta property="og:locale" content="es_ES" />
<meta property="og:type" content="article" />
<meta property="og:title" content="Club de Lectura Juvenil - La veu de les ombres, de Frances Hardinge - El Gat Pelut" />
<meta property="og:description" content="Descobreix el Club de Lectura Juvenil d&#039;El Gat Pelut. Inscriviu-vos per començar la vostra aventura literària amb nosaltres!" />
<meta property="og:url" content="https://www.elgatpelut.cat/eventos/club-de-lectura-juvenil-la-veu-de-les-ombres/" />
<meta property="og:site_name" content="El Gat Pelut" />
<meta property="og:image" content="https://www.elgatpelut.cat/wp-content/uploads/2025/12/Posts-Diaris-NoveGATs-40.png" />
	<meta property="og:image:width" content="800" />
	<meta property="og:image:height" content="800" />
	<meta property="og:image:type" content="image/png" />
<meta name="twitter:card" content="summary_large_image" />
<meta name="twitter:label1" content="Tiempo de lectura" />
	<meta name="twitter:data1" content="2 minutos" />
<script type="application/ld+json" class="yoast-schema-graph">{"@context":"https:\/\/schema.org","@graph":[{"@type":"WebPage","@id":"https:\/\/www.elgatpelut.cat\/eventos\/club-de-lectura-juvenil-la-veu-de-les-ombres\/","url":"https:\/\/www.elgatpelut.cat\/eventos\/club-de-lectura-juvenil-la-veu-de-les-ombres\/","name":"Club de Lectura Juvenil - La veu de les ombres, de Frances Hardinge - El Gat Pelut","isPartOf":{"@id":"https:\/\/www.elgatpelut.cat\/#website"},"primaryImageOfPage":{"@id":"https:\/\/www.elgatpelut.cat\/eventos\/club-de-lectura-juvenil-la-veu-de-les-ombres\/#primaryimage"},"image":{"@id":"https:\/\/www.elgatpelut.cat\/eventos\/club-de-lectura-juvenil-la-veu-de-les-ombres\/#primaryimage"},"thumbnailUrl":"https:\/\/www.elgatpelut.cat\/wp-content\/uploads\/2025\/12\/Posts-Diaris-NoveGATs-40.png","datePublished":"2025-12-19T11:34:20+00:00","description":"Descobreix el Club de Lectura Juvenil d'El Gat Pelut. Inscriviu-vos per començar la vostra aventura literària amb nosaltres!","breadcrumb":{"@id":"https:\/\/www.elgatpelut.cat\/eventos\/club-de-lectura-juvenil-la-veu-de-les-ombres\/#breadcrumb"},"inLanguage":"es","potentialAction":[{"@type":"ReadAction","target":["https:\/\/www.elgatpelut.cat\/eventos\/club-de-lectura-juvenil-la-veu-de-les-ombres\/"]}]},{"@type":"ImageObject","inLanguage":"es","@id":"https:\/\/www.elgatpelut.cat\/eventos\/club-de-lectura-juvenil-la-veu-de-les-ombres\/#primaryimage","url":"https:\/\/www.elgatpelut.cat\/wp-content\/uploads\/2025\/12\/Posts-Diaris-NoveGATs-40.png","contentUrl":"https:\/\/www.elgatpelut.cat\/wp-content\/uploads\/2025\/12\/Posts-Diaris-NoveGATs-40.png","width":800,"height":800},{"@type":"BreadcrumbList","@id":"https:\/\/www.elgatpelut.cat\/eventos\/club-de-lectura-juvenil-la-veu-de-les-ombres\/#breadcrumb","itemListElement":[{"@type":"ListItem","position":1,"name":"Portada","item":"https:\/\/www.elgatpelut.cat\/es\/"},{"@type":"ListItem","position":2,"name":"Club de Lectura Juvenil &#8211; La veu de les ombres, de Frances Hardinge"}]},{"@type":"WebSite","@id":"https:\/\/www.elgatpelut.cat\/#website","url":"https:\/\/www.elgatpelut.cat\/","name":"El Gat Pelut","description":"La teva llibreria de Les Corts","potentialAction":[{"@type":"SearchAction","target":{"@type":"EntryPoint","urlTemplate":"https:\/\/www.elgatpelut.cat\/?s={search_term_string}"},"query-input":{"@type":"PropertyValueSpecification","valueRequired":true,"valueName":"search_term_string"}}],"inLanguage":"es"}]}</script>
<!-- / Yoast SEO plugin. -->

Descobreix el Club de Lectura Juvenil d'El Gat Pelut. Inscriviu-vos per començar la vostra aventura literària amb nosaltres!
